00 (base 11) to base 9
-3060357
1c933 (base 15) to base 12
45b26
-100332244 (base 5) to base 13
-1110b5
What is 18ce8 (base 15) in base 13?
2a878
-385402 (base 15) to base 5
-1142412102
Convert -4704354 (base 8) to base 12.
-518a64
Convert 2359368 (base 13) to base 15.
e5dab3
Convert 34162101 (base 7) to base 2.
1011010101110111110110
Convert 19a555 (base 12) to base 4.
1232232101
-15b14 (base 12) to base 9
-46437
What is -1202531 (base 6) in base 5?
-4002324
Convert -636a3 (base 11) to base 14.
-25abc
What is 22101210021 (base 3) in base 16?
285d0
Convert 641514 (base 7) to base 8.
330705
-2201104 (base 6) to base 12
-53194
Convert -60202a (base 14) to base 7.
-36322053
-171682 (base 11) to base 15
-53ac5
What is 5100306 (base 7) in base 11?
383777
-110000100001111011100 (base 2) to base 13
-438a8b
Convert 113003 (base 10) to base 2.
11011100101101011
What is -1289541 (base 12) in base 8?
-15767701
-619798 (base 14) to base 2
-1100100011100110101010
Convert -3f3c0b (base 16) to base 3.
-21210112200122
10a97 (base 13) to base 11
20904
Convert 61a717 (base 15) to base 10.
4642222
Convert -16027 (base 10) to base 9.
-23877
What is -405113 (base 6) in base 15?
-9839
-2155332 (base 7) to base 10
-265995
What is 2104a75 (base 12) in base 3?
102201110220122
Convert -14011213100 (base 5) to base 12.
-5b06ba6
What is 1010010010000001101 (base 2) in base 15?
69c59
-4b30b (base 13) to base 15
-2b26e
-22962 (base 16) to base 3
-21012022220
What is -340 (base 16) in base 8?
-1500
What is 1258a (base 14) in base 9?
67656
What is -2d9945 (base 15) in base 2?
-1000011011011000111100
Convert -51718b (base 12) to base 11.
-7a2680
-32b1a (base 16) to base 2
-110010101100011010
Convert 14229 (base 10) to base 11.
a766
Convert 21230100 (base 4) to base 10.
39696
Convert 3669a3 (base 12) to base 3.
1122211211120
What is -32420031 (base 5) in base 13?
-9a228
-11023221002 (base 4) to base 6
-45040522
Convert -1101001101111101111101 (base 2) to base 10.
-3465085
What is -1667675 (base 9) in base 8?
-3431706
-10211112021100 (base 3) to base 12
-823309
Convert -c0e36d (base 16) to base 3.
-212210020101010
What is 10220110220201 (base 3) in base 5?
1012414010
Convert 1222535 (base 9) to base 13.
1a3639
Convert -55013 (base 11) to base 12.
-3a282
127601 (base 9) to base 13
29518
Convert -103131013 (base 4) to base 2.
-10011011101000111
What is 1157c (base 14) in base 11?
2981a
What is -3562e (base 16) in base 10?
-218670
Convert -323344021 (base 5) to base 12.
-56aa76
101021220200 (base 3) to base 12
992b3
Convert -100101111101100100 (base 2) to base 10.
-155492
What is 7c4abc (base 13) in base 15?
3d4bcb
Convert -5053461 (base 9) to base 10.
-2692576
What is 10120220 (base 4) in base 10?
17960
Convert 598898 (base 14) to base 2.
1011101010101101010110
-2a17a (base 16) to base 14
-46b90
Convert -175364 (base 10) to base 11.
-10a832
-31462 (base 13) to base 9
-144524
2c9d9a (base 15) to base 10
2159695
Convert -549008a (base 11) to base 5.
-4431241001
Convert 627793 (base 10) to base 5.
130042133
1063617 (base 10) to base 14
1d9889
What is -10001111111010 (base 2) in base 7?
-35565
What is 43252252 (base 7) in base 16?
385bf7
7481b (base 12) to base 4
211122113
What is 1776684 (base 13) in base 11?
4349128
Convert -57760 (base 11) to base 12.
-4034b
Convert -1023440420 (base 5) to base 14.
-407452
What is 72d62 (base 14) in base 8?
1035052
Convert 20990 (base 13) to base 6.
1132012
What is 10010100101110001 (base 2) in base 14?
1da6d
29ae39 (base 16) to base 12
ab8935
Convert 767566 (base 12) to base 5.
440113014
Convert 145472 (base 9) to base 10.
89327
1174127 (base 10) to base 8
4365157
Convert -11223311031 (base 4) to base 16.
-16bd4d
121907 (base 13) to base 10
432140
-179239 (base 13) to base 15
-ba354
What is -3171371 (base 12) in base 3?
-122121020112011
-2003332230 (base 4) to base 16
-83fac
Convert -472673 (base 8) to base 7.
-1241001
What is -20330132 (base 4) in base 14?
-d4d0
What is -224552123 (base 6) in base 7?
-50200464
e71b8 (base 16) to base 4
3213012320
254522523 (base 6) to base 3
100101101202020
-14104321 (base 5) to base 13
-5090a
What is -838513 (base 10) in base 2?
-11001100101101110001
What is 15002616 (base 7) in base 16?
158ead
Convert -463660 (base 11) to base 5.
-142034320
What is 1288230 (base 10) in base 12?
521606
Convert -d6c89 (base 16) to base 10.
-879753
2747575 (base 11) to base 9
8822667
87256 (base 12) to base 9
301563
Convert 24515051 (base 6) to base 16.
c0547
2a69d (base 16) to base 3
22211022021
What is b87a6 (base 12) in base 2?
111011010101101110
What is 200200 (base 14) in base 7?
12101100
10777203 (base 8) to base 3
11102211211020
Convert 6b26c (base 16) to base 11.
27a823
-1532aa (base 13) to base 3
-222110220111
What is -161663564 (base 7) in base 2?
-101001101110111101110100
Convert 4c17c (base 13) to base 16.
22650
What is 1331454 (base 6) in base 5?
4334031
Convert 535500 (base 11) to base 9.
1544727
Convert -137b50b (base 12) to base 6.
-215311215
What is 32151241 (base 6) in base 7?
11024641
What is 6e103 (base 16) in base 12?
198a83
-3111332330 (base 4) to base 10
-876476
-9c508 (base 16) to base 7
-5304442
What is -1302230 (base 6) in base 5?
-4224011
Convert -110102011102 (base 3) to base 2.
-111011101001101110
Convert 171100 (base 9) to base 15.
21526
What is -52eb47 (base 16) in base 6?
-312250131
What is -20233474 (base 8) in base 9?
-8033716
Convert -377775 (base 9) to base 5.
-24310222
-33419 (base 16) to base 11
-13380a
-3500200 (base 9) to base 14
-37296a
What is -10011110110111010110100 (base 2) in base 6?
-303324220
What is 7693604 (base 10) in base 2?
11101010110010100100100
290488 (base 10) to base 11
189280
What is 222033 (base 7) in base 12?
1a786
-54059 (base 14) to base 16
-3197f
What is 12113031332 (base 4) in base 12?
685312
Convert -d0f8e1 (base 16) to base 7.
-224256462
23124553 (base 7) to base 8
7557601
What is 2111221102 (base 3) in base 14?
1409b
Convert -3bf51 (base 16) to base 9.
-413782
What is -1a777 (base 13) in base 5?
-3124222
Convert -497a90 (base 12) to base 7.
-13106463
What is 110121200100220 (base 3) in base 16?
6651c9
What is 37d76 (base 15) in base 14?
490c8
Convert -117327 (base 10) to base 14.
-30a87
361131 (base 9) to base 8
650407
22803 (base 11) to base 16
8093
What is -11401844 (base 10) in base 8?
-53375164
What is 34214040 (base 5) in base 7?
2405041
What is -33330003 (base 4) in base 2?
-1111111100000011
120513055 (base 6) to base 2
1000101100101110011011
What is 110210221 (base 3) in base 12?
54a4
-74a50 (base 16) to base 11
-2a6a62
Convert -44da05 (base 15) to base 6.
-154233322
Convert 51261051 (base 7) to base 4.
100111311303
-3134300214 (base 5) to base 11
-3778941
Convert -111849 (base 11) to base 6.
-3452140
102112110112 (base 3) to base 15
47422
Convert 18464a (base 12) to base 2.
1100111001010011010
What is 92d73 (base 16) in base 9?
1116037
What is -724156 (base 9) in base 7?
-3436140
What is 2141432 (base 7) in base 13?
924b9
19732b (base 12) to base 6
13334055
What is -5036716 (base 8) in base 16?
-143dce
What is 345909 (base 10) in base 2?
1010100011100110101
What is 200302202 (base 4) in base 6?
2513442
Convert -312320321 (base 4) to base 15.
-46935
What is -2caaa (base 13) in base 14?
-23140
What is 50318 (base 15) in base 6?
5235035
What is 1011100111101111010111 (base 2) in base 16?
2e7bd7
What is 1023333411 (base 5) in base 14?
40611b
Convert 5244665 (base 7) to base 8.
2324530
Convert -126228 (base 12) to base 15.
-5e2b2
9721696 (base 10) to base 6
544211504
Convert -32796 (base 13) to base 15.
-1c123
Convert -94137 (base 11) to base 4.
-201200212
What is 811316 (base 9) in base 14?
c6c96
What is 10550736 (base 8) in base 7?
25252626
Convert -2600138 (base 9) to base 2.
-101011010000001001100
Convert 6a58 (base 13) to base 14.
5637
Convert a065f (base 16) to base 14.
1315dd
What is -155567 (base 11) in base 16?
-3afb5
What is 11111001001111001001 (base 2) in base 16?
f93c9
Convert -d247 (base 15) to base 2.
-1010110101101000
Convert 30b28 (base 12) to base 15.
13d9e
Convert -11110011110011001 (base 2) to base 11.
-85868
-882352 (base 9) to base 7
-4322234
Convert -11233221102 (base 4) to base 5.
-341141444
Convert 43b16 (base 14) to base 10.
1640